356
In base 6, what is 1133 - 552?
141
In base 13, what is -16c - -322?
183
In base 7, what is 15065 - -11?
15106
In base 3, what is 11 + 10221120?
10221201
In base 6, what is 0 + 14303?
14303
In base 13, what is 2 - -6bc6?
6bc8
In base 5, what is -24 + 244030?
244001
In base 11, what is 228 + -371?
-144
In base 9, what is -26 + -35?
-62
In base 8, what is 16466 - -5?
16473
In base 9, what is 3 + 445113?
445116
In base 7, what is -4256322 - 1?
-4256323
In base 4, what is -303302022 + -2?
-303302030
In base 12, what is 37 - -9240?
9277
In base 7, what is -503 + -3121?
-3624
In base 9, what is -8 - -71156?
71147
In base 6, what is 134 + 412?
550
In base 6, what is 313 + 330233?
330550
In base 9, what is -5730 - -66?
-5653
In base 5, what is -1132 - -120020?
113333
In base 5, what is 410 + 133402?
134312
In base 5, what is -2401 + -10044?
-13000
In base 12, what is -3 + 10b03?
10b00
In base 2, what is -110000 - 101101011010?
-101110001010
In base 8, what is 3751 + -31?
3720
In base 6, what is -4 - -441230?
441222
In base 12, what is 935 - -1ba?
b33
In base 15, what is -1ae + c3?
-db
In base 16, what is -15cbc + -2?
-15cbe
In base 4, what is 10312023 + 2?
10312031
In base 15, what is -157 - 6a?
-1c2
In base 7, what is 2315651 - -2?
2315653
In base 9, what is -8187 + -2?
-8200
In base 10, what is -18233 + 53?
-18180
In base 13, what is 19a643 + -4?
19a63c
In base 16, what is -6a5b - -f?
-6a4c
In base 3, what is 102210001 + 101?
102210102
In base 5, what is 4 + -31431414?
-31431410
In base 8, what is -1007 + -1070?
-2077
In base 13, what is -3 + -ab9c?
-aba2
In base 15, what is 5 - 767e?
-7679
In base 14, what is 31245 - 5?
31240
In base 5, what is -121312 - 130?
-121442
In base 13, what is -957 - 22?
-979
In base 12, what is -3 + -3288?
-328b
In base 9, what is 84 + 73875?
74070
In base 6, what is 50 + 3003?
3053
In base 3, what is -120121121002 + 22?
-120121120210
In base 6, what is 10421 - 233?
10144
In base 4, what is 210 + 11033110?
11033320
In base 14, what is 34bc + 136?
3614
In base 12, what is 22 + -18671?
-1864b
In base 11, what is -a + 66a36?
66a27
In base 9, what is 46 + 1522?
1568
In base 11, what is 177945 + -4?
177941
In base 14, what is 1 + c9b?
c9c
In base 11, what is -21 + 1769?
1748
In base 16, what is 552 - 112?
440
In base 12, what is 3630a - -19?
36327
In base 10, what is -797 + -6?
-803
In base 2, what is -11110001101011101 - -100?
-11110001101011001
In base 11, what is 4a7 + 1?
4a8
In base 10, what is 7 + -86?
-79
In base 16, what is -1388e + -1?
-1388f
In base 10, what is -31 - 1420?
-1451
In base 7, what is -1115 + -12314?
-13432
In base 10, what is -91282 + -3?
-91285
In base 4, what is 12 + -212213?
-212201
In base 2, what is -1000 + 100110101111?
100110100111
In base 9, what is 2315 + -23?
2282
In base 7, what is 0 - 2525055?
-2525055
In base 15, what is 2298 + -56?
2242
In base 11, what is -7616 + -1?
-7617
In base 7, what is -205302 + -130?
-205432
In base 8, what is -32114 - -1?
-32113
In base 15, what is -818 - d?
-826
In base 10, what is 5 + 27228?
27233
In base 5, what is 10 - 100420?
-100410
In base 3, what is 10022002 + 2?
10022011
In base 14, what is 0 + 5675?
5675
In base 11, what is 3 - 57a?
-577
In base 15, what is -59c2 - -6?
-59bb
In base 8, what is 5 - -67742?
67747
In base 4, what is -1 + -23101003?
-23101010
In base 12, what is -8 - -1a870?
1a864
In base 6, what is -1205335 - 4?
-1205343
In base 15, what is -d91 - 4?
-d95
In base 3, what is 10001 + -201110211?
-201100210
In base 9, what is -1371182 + 1?
-1371181
In base 16, what is 4ec4 - d?
4eb7
In base 2, what is 1111111110 - 101101?
1111010001
In base 7, what is 6214 + -6?
6205
In base 5, what is -3 - -132332201?
132332143
In base 3, what is 10212 - 10121?
21
In base 15, what is 1 + -320b?
-320a
In base 4, what is -31 - -13120101?
13120010
In base 12, what is -2 + 2290?
228a
In base 14, what is 7 - -866?
86d
In base 14, what is -56 + -206?
-25c
In base 11, what is 12945 - 1?
12944
In base 6, what is 2204 - -1425?
4033
In base 12, what is 594 + -ab?
4a5
In base 9, what is 52062 - 0?
52062
In base 14, what is -24526 + -9?
-24531
In base 15, what is -1 - 4d54?
-4d55
In base 7, what is 22 + 613314?
613336
In base 12, what is 3150062 + -1?
3150061
In base 6, what is -22212 + 5?
-22203
In base 14, what is 43 + 3a?
7d
In base 3, what is 1121100221 + 22?
1121101020
In base 16, what is 7 + 15a73?
15a7a
In base 8, what is -644 + 744?
100
In base 2, what is 100110 + 101100011101110?
101100100010100
In base 4, what is 10313211 - 0?
10313211
In base 14, what is 79 + -da0?
-d25
In base 6, what is 4220212 + 11?
4220223
In base 4, what is -11112200010 - -2?
-11112200002
In base 4, what is 0 - -1322032332?
1322032332
In base 8, what is -13 + -2374?
-2407
In base 4, what is 3 - 30312030?
-30312021
In base 16, what is -1da + -4b?
-225
In base 14, what is 4 + -69b52?
-69b4c
In base 11, what is 2 + a4a40?
a4a42
In base 10, what is 563749 + -3?
563746
In base 4, what is -11130 + 220?
-10310
In base 13, what is -4738 + 3?
-4735
In base 10, what is 132 - -520?
652
In base 2, what is 1110 - -111000001?
111001111
In base 11, what is -2 + -117a1?
-117a3
In base 10, what is -43623 - 52?
-43675
In base 10, what is 24 + -63323?
-63299
In base 15, what is -8 - bbb0?
-bbb8
In base 4, what is -220 - -33201?
32321
In base 3, what is -100201110210 - 0?
-100201110210
In base 9, what is -1 + -5036?
-5037
In base 5, what is -3132222 + -100?
-3132322
In base 11, what is 128289 + -3?
128286
In base 4, what is -23 + 20203?
20120
In base 14, what is 2 + 18089?
1808b
In base 4, what is -312311200 - -3?
-312311131
In base 15, what is 2e3429 + 5?
2e342e
In base 3, what is 12 + -1100121220010?
-1100121212221
In base 16, what is aab - 56a?
541
In base 10, what is -65 + 398?
333
In base 8, what is -55034 - 5?
-55041
In base 16, what is 15 + 216?
22b
In base 14, what is 3aa2 + -41?
3a61
In base 14, what is 4 + 5c65?
5c69
In base 11, what is 109 + 8?
116
In base 13, what is 855 - a?
848
In base 3, what is -20102000 + 202?
-20101021
In base 2, what is -111010 - -1100100001?
1011100111
In base 6, what is -12420532 - 4?
-12420540
In base 3, what is -1212 - 1021020112?
-1021022101
In base 14, what is -b8b - 29?
-bb6
In base 9, what is 1628637 - 2?
1628635
In base 8, what is 36 + -4057?
-4021
In base 5, what is 3313 - 44?
3214
In base 2, what is 110011000 + -10100000000?
-1101101000
In base 11, what is 430 + 54?
484
In base 14, what is 3b6c32 + -4?
3b6c2c
In base 4, what is -11 + -13211103220?
-13211103231
In base 7, what is 204 - -2452?
2656
In base 7, what is -61 + -11056?
-11150
In base 9, what is 47 + -1636?
-1578
In base 4, what is -10113310 - -2?
-10113302
In base 13, what is -2 + -977?
-979
In base 8, what is -57634 - -6?
-57626
In base 7, what is 41 + 16261?
16332
In base 16, what is -2c - 7dd?
-809
In base 4, what is 1103 + -12223?
-11120
In base 11, what is 10 - 14737?
-14727
In base 7, what is -35 + -115334?
-115402
In base 7, what is -5 + -1536?
-1544
In base 11, what is 621 + 226?
847
In base 15, what is -5a20 + 7?
-5a18
In base 12, what is -48 - a912?
-a95a
In base 9, what is 2473 + 6?
2480
In base 2, what is -1100101 + -10000001?
-11100110
In base 12, what is ab + b19?
1008
In base 7, what is 1664 - -154?
2151
In base 4, what is 233 - -10113?
11012
In base 15, what is 39d65 + 0?
39d65
In base 16, what is c1b7 - 0?
c1b7
In base 16, what is 45 - 703c?
-6ff7
In base 16, what is -1be2 + -14f?
-1d31
In base 15, what is -4 - 3692?
-3696
In base 4, what is 1322130131 + 3?
1322130200
In base 5, what is -130 + 224444?
224314
In base 13, what is -211c + 118?
-2004
In base 11, what is 1121 + -731?
4a0
In base 7, what is 44104 + -3?
44101
In base 7, what is -10212 + -141?
-10353
In base 4, what is -1023112300 + 10?
-1023112230
In base 9, what is -1153 + -11?
-1164
In base 8, what is 104130 - -47?
104177
In base 14, what is 174 + -96?
bc
In base 11, what is -64 + -7a43?
-7aa7
In base 7, what is 0 - 1430102?
-1430102
In base 8, what is 134451 + -10?
134441
In base 13, what is -37 - a5ca?
-a634
In base 12, what is -216 - 398?
-5b2
In base 11, what is 1948 + 195?
2032
In base 5, what is -12 + -1000034?
-1000101
In base 15, what is -e + 17e?
170
In base 3, what is -1210 + -100011102?
-100020012
In base